mon factor of s and c?
4
Let o be 384/21 - (-2)/(-7). Let u = 275099 - 274856. Calculate the highest common factor of u and o.
9
Suppose -w + 24 = -3*t, -14*w - 156 = -19*w - 3*t. Calculate the greatest common divisor of 25 and w.
5
Let w = -67 - -106. Suppose 5*a = 2*l - 31, 0 = 5*a - 2*a + 3. Calculate the highest common factor of w and l.
13
Let v = -27 - -38. Let c(r) = -r**2 + 22*r - 62. Let q be c(19). Let d be 1/4 - q*140/16. Calculate the greatest common divisor of d and v.
11
Let u(k) = k**3 - 21*k**2 + k - 58. Let o be u(21). Let h = 67 - 102. Let i = h - o. What is the greatest common divisor of 1 and i?
1
Let x = -2310 + 4494. What is the greatest common factor of x and 60?
12
Let x(a) = -a**3 + 15*a**2 + 110*a + 1469. Let r be x(-16). What is the greatest common factor of 11 and r?
11
Let k(c) = -c**3 + 8*c**2 - 13*c + 4. Let y = 142 - 137. Let w be k(y). What is the greatest common factor of 238 and w?
14
Suppose -2654 = -2*f + 4*p, -f = 7*p - 10*p - 1328. What is the greatest common factor of f and 901?
53
Let k be 18/(-81) + 1030/18. Let n = 7543 + -6631. What is the greatest common divisor of n and k?
57
Let a(k) = -723*k + 1854. Let h be a(-4). What is the highest common divisor of 113 and h?
113
Let v = 28377 + -11601. What is the greatest common divisor of v and 6?
6
Suppose -82*b + 84*b = 44. Let c = -3 + 5. Suppose c*o - 50 = -b. What is the highest common divisor of 21 and o?
7
Suppose -2 = -q - 1. Let t = 11 - 11. Let d = t - -12. Calculate the highest common factor of q and d.
1
Let x = -3 - -4. Let b(l) = 4*l**2 + 484*l + 27. Let s be b(0). Calculate the highest common factor of x and s.
1
Let f(b) = 13*b**2 - 361*b - 2192. Let x be f(-6). Let r be 33 + (2 - 0 - 1). What is the highest common divisor of x and r?
34
Let j(s) = -14*s - 2. Let h be j(-3). Suppose -143 + 8 = 9*v. Let w be 2/(-6) + (-155)/v + -5. Calculate the greatest common factor of h and w.
5
Suppose -35*d + 271 = -34*d. Let i = d - 241. What is the greatest common divisor of 12 and i?
6
Let o = -8 - -3218. What is the highest common factor of o and 270?
30
Let u be (7052/410)/((-29)/15 + 2). Suppose 147 = 27*c - u. Let j(l) = 4*l**2 - 2*l. Let o be j(-2). Calculate the highest common factor of c and o.
5
Let r be (-69)/4 - 15/20. Let p = -7 - r. Let u(t) = -t**3 - 12*t**2 + 8*t + 56. Let l be u(-13). What is the greatest common divisor of l and p?
11
Let t be (324/(-126))/(2 + 129/(-63)). What is the greatest common divisor of t and 189?
27
Let t = -1888 + 4871. What is the highest common factor of t and 19?
19
Suppose c = -5*r + 3483, 219 = -2*r - 2*c + 1617. Suppose -10*g = -324 - r. Let v = 88 - 54. What is the greatest common factor of g and v?
34
Suppose d + 8 = 4*t, 2*d + d - 5*t = -10. Suppose 7*s - 8*s + 2 = d. Suppose k + s*c - 25 = -4*k, 15 = -3*c. What is the greatest common factor of 28 and k?
7
Suppose -6*s - 7*l + 912 = -9*l, -5*l = -2*s + 304. What is the highest common factor of s and 3572?
76
Let g(d) = -d**2 - 10*d - 19. Let m be g(-8). Let a be (-160)/(-15) - 4/m. Suppose -a*b + 300 = -9*b. Calculate the greatest common factor of b and 10.
10
Suppose 2*b - u = -3*u + 66, 0 = -5*b + 2*u + 179. Suppose 45*i - 9938 - 4642 = 0. Let y = i - 319. What is the highest common factor of b and y?
5
Let i = -440 + 505. Suppose -i*x + 43*x + 330 = 0. Calculate the greatest common factor of x and 30.
15
Let s = 20 - 12. Suppose -s*x + 240 = -144. What is the greatest common factor of 48 and x?
48
Suppose 2*k + 1337 + 646 = 3*y, 4*k = y - 611. Let q(c) = 16*c**2 - c - 1. Let f be q(2). Calculate the greatest common factor of y and f.
61
Let l be (30/9)/((-2)/(-45)). Let a be (280/168)/(8/5760*4). Calculate the highest common factor of a and l.
75
Let x be -24 + -6*(-147)/14. Let o be 50 + -1*2*-1. What is the greatest common divisor of x and o?
13
Let g be 13/104*40*177. Calculate the highest common factor of g and 413.
59
Suppose -50*a - 6 = -52*a. Suppose 3*d + 5*u + 0 = 9, -15 = 3*d - a*u. Let j be (-3)/d*616/33. Calculate the greatest common divisor of 4 and j.
4
Suppose -44*r - 18 = -45*r. Suppose -1152 = 9*m - r*m. What is the greatest common factor of m and 16?
16
Let z(g) be the third derivative of 37*g**4/24 - 11*g**3/3 - 36*g**2. Let s be z(-3). Let c = -56 - s. What is the highest common divisor of 7 and c?
7
Suppose -86 = -m - 12. Let p(t) = 565*t - 6484. Let b be p(12). What is the highest common divisor of b and m?
74
Let n = 2566 - 2555. Suppose 3*j = 51 - 18. What is the greatest common factor of j and n?
11
Let v = 292 + -272. Let p(u) = -2*u**2 + 36*u + 96. Let b be p(v). What is the highest common factor of 56 and b?
8
Let g be (-64)/2*-1*(5 - 4). Suppose 33*u - 152 = g*u. Calculate the greatest common factor of u and 380.
76
Let x = 29817 - 29800. Let t(o) = 28*o**2 - o + 3. Let y be t(-4). Let l = y + -268. What is the highest common factor of x and l?
17
Let m be 30 - 26 - (-11 + 1). Let s be 8 - 818*(4 + -5). What is the highest common factor of s and m?
14
Let i(z) = 52 - z**2 - 9*z - z - 53. Let g be i(-7). Suppose 5*l + 5 = g. Calculate the greatest common divisor of 12 and l.
3
Let m(y) = -2*y**3 - 7*y**2 - 8*y + 5. Let f be m(-2). Let w be 0 - f/21 - 3289/(-161). What is the greatest common divisor of w and 1440?
20
Suppose -4*w + 446 = t - 58, 0 = 2*w + 3*t - 242. Let x = 370 - w. What is the greatest common factor of 9 and x?
9
Let d be (-6)/33 - (-8091)/33. Suppose d = -5*r - 2*h - 3*h, -2*h - 188 = 4*r. Let o = 53 + r. Calculate the highest common divisor of 56 and o.
8
Suppose 512 = 2*h - 5*k, -7 = 3*k + 5. Let q = h - 141. Suppose 0 = -13*i + 20771 - 20576. What is the greatest common factor of q and i?
15
Let c be ((-66)/(-8) - 2) + 12/(-48). Let n be (9*2/c)/((-7)/(-203)). What is the highest common factor of 174 and n?
87
Suppose 4*i + 1303 = 6*i - 283. Calculate the highest common factor of i and 1769.
61
Suppose 4*i = -3*q + 264, 5*i = -q - 22 + 88. Calculate the greatest common divisor of 296 and q.
8
Let v = -24 - -30. Let h(w) = -w**2 + 9*w - 4. Let y be h(v). Let c be 28/2 - (-18 + y). Calculate the highest common factor of 27 and c.
9
Let b(t) = 5*t + 530. Let f be b(-95). What is the greatest common factor of f and 1661?
11
Let q = -59 + 95. Suppose q*y + 21 = 39*y. Suppose 0 = -0*w + y*w - 77. What is the highest common factor of w and 33?
11
Let j(r) = 7*r**2 + 2*r + 2. Let c be j(-2). Let p be (-73)/((-438)/(-52))*-6. What is the highest common divisor of c and p?
26
Let v(x) be the third derivative of x**4/8 + 22*x**3/3 - 6*x**2. Let m be v(-17). Let g = m - -19. Calculate the greatest common factor of 8 and g.
4
Suppose -2*y = -6*y + 64. Suppose -s - y = -5*s. Suppose -2*k + f = -f - 20, -s*k - 4*f + 40 = 0. Calculate the greatest common factor of 80 and k.
10
Let l(b) = -4545*b - 54379. Let q be l(-12). Suppose 3*w = 3*j + w - 132, -3*j + 5*w = -123. Calculate the highest common factor of q and j.
23
Let g be ((-272)/(-48) - 7)*((-12)/4 + -13392). Calculate the greatest common factor of 228 and g.
76
Let p be (-2)/(-3*(-2)/(-12)). Suppose 2*r = 6*r - p. Let v be (2/(-1) - 1) + 25/r. What is the greatest common factor of v and 22?
22
Suppose -126*k + 17*k - 34*k = -11726. What is the greatest common divisor of k and 6355?
41
Suppose -316 = -294*j + 290*j. What is the greatest common factor of 1106 and j?
79
Let n be 1/6*38*(6 + 33). Let k = -133 + n. Suppose 6*t = t, 3*q = 4*t + k. Calculate the highest common divisor of q and 19.
19
Let d be ((-18942)/308)/((-1)/4) - (1 + 5). Suppose 3*f = -m + 61 + 11, 0 = -m - 4*f + 71. Calculate the highest common divisor of d and m.
15
Let h(g) = -g**2 - 154*g - 5694. Let y be h(-79). Calculate the highest common divisor of 224 and y.
7
Let v = -2641 + 2653. Calculate the highest common divisor of 2724 and v.
12
Let s(b) = b**3 + 17*b**2 - 2*b - 58. Let z be s(-17). Let x = 28 + -58. Let t = z - x. What is the highest common divisor of t and 48?
6
Let t be (6/(-4))/((-15)/(-260)). Let p = 28 + t. Suppose 0 = p*v - 22 - 8. Calculate the greatest common factor of 165 and v.
15
Suppose 5*w = -3*i + 26786, -43*w = -47*w + 5*i + 21414. Calculate the greatest common divisor of 13 and w.
13
Let x(a) = -a**2 + 32*a - 114. Let k be x(4). Let f be (k - (-1 + 57/12)